 a composite number?
True
Let z(k) = 46*k + 22. Suppose -5*r + 11 = -19. Is z(r) a composite number?
True
Let f = 26997 + -6522. Is f/42 - 2/4 a composite number?
False
Let l(f) = -175*f + 104. Is l(-15) composite?
False
Suppose 4*o + 2*i = o + 1913, 3*o - 1885 = 5*i. Suppose -20*y = -19*y - o. Is y a composite number?
True
Let a be 2/((-2)/5) - 1. Let d = -64 + 46. Is (d/(-3))/(a/(-411)) prime?
False
Let n(j) = j**3 - 16*j**2 - 18*j + 9. Let o be n(14). Let k = 6 - o. Is k a prime number?
True
Suppose 268334 = -2*o + 13*o. Is o a composite number?
True
Let j(r) = 2*r**3 - 7*r**2 - 8*r + 33. Is j(14) composite?
True
Suppose 0 = -g + 3*i + 40 - 11, -4*i = 0. Suppose 241 = 3*a - 185. Suppose r - a = -g. Is r a prime number?
True
Let u(l) = 32*l**3 - 17*l - 65. Is u(8) a composite number?
False
Let m = 28 + -22. Let p(q) = 118*q - 35. Is p(m) a prime number?
True
Let g be ((-7)/28)/(2/(-6520)). Let i = g + -418. Is i a prime number?
True
Is (3/(-12) - (-103076)/16)/2 composite?
False
Let m(n) = -254*n - 31. Let c be m(-11). Let k = c - 1592. Is k prime?
True
Let b(i) = 3*i - 72. Let c be b(22). Let q(m) = 39*m**2 + 11*m + 23. Is q(c) a prime number?
True
Let j = -1034 + 7003. Is j a prime number?
False
Let t(a) = -a**2 + 2*a. Let i be t(2). Suppose -4*k - 728 = -4*u, -u + i*k = -3*k - 192. Is u composite?
True
Suppose 3*z = 85 - 3103. Let o = -1705 - z. Let b = o + 1542. Is b prime?
False
Let t = 5709 - 4076. Is t a prime number?
False
Let w(d) = -47*d - 3. Suppose c = -5*c - 66. Let l = 9 + c. Is w(l) a composite number?
True
Suppose 2 = -10*n + 11*n. Suppose -y - n*d = -1191, 0 = -0*y - 3*y + d + 3580. Is y prime?
True
Let g(p) = 4*p**2 + p + 7. Let b(i) = 4*i**2 + i + 7. Let t(h) = -h**3 - 17*h**2 + h + 15. Let f be t(-17). Let s(k) = f*g(k) + 3*b(k). Is s(-6) composite?
True
Let t = 5 + -7. Let r be -3 - (0 + (-7 - t)). Suppose j + 2*j - 59 = -r*b, -3*j + 133 = 4*b. Is b composite?
False
Let r(c) = 71*c**2 - 64*c - 598. Is r(-9) prime?
False
Let q(d) = d**2 + 4*d + 7. Let a be q(-5). Let n = 17 - a. Suppose -n*z - 378 = -1163. Is z a composite number?
False
Suppose 0 = 4*g + 2*g - 108. Suppose 3*f + s = 17, -3*f + g = f - s. Is 287/(-28)*f*-4 a prime number?
False
Let l(m) = 9*m**3 + m**2 + 6*m - 1. Let x be l(6). Suppose -3*s + 0*b - 2*b + 5891 = 0, -1971 = -s + 3*b. Suppose s = 4*p - x. Is p a composite number?
True
Suppose -5*r - 2*m + 197487 = 0, r + 197507 = 6*r - 3*m. Is r a composite number?
False
Let c(x) be the first derivative of 4*x**3 + 9*x**2/2 + 19*x - 4. Let k be c(-11). Suppose 107 = -5*l + k. Is l prime?
False
Let i(z) = 18*z**3 + 2*z**2 - 4*z + 8. Let v be i(4). Let n = 1669 - v. Is n a prime number?
False
Let x = -7 + 10. Let m = 7 - x. Is (-40)/m*(-23)/2 a prime number?
False
Let n be -2 - (0 - 2)*6. Suppose -984 - 428 = -4*l - 4*s, 0 = -3*l + 5*s + 1075. Let c = l + n. Is c a prime number?
False
Let l be 4 + -16 + (0 - -3). Is 631/3 + (-6)/l prime?
True
Let t be (-348)/(-10) + (-6)/(-30). Let g = t - 35. Suppose g = -5*r + 1714 - 584. Is r a prime number?
False
Let l(q) = 283*q + 3. Let m be l(-3). Let s = m - -2389. Is s a prime number?
True
Is (-8)/12*4401/(-18) prime?
True
Suppose -4*r = 5*p - 1, -4*r + 21 = 5. Is (-1333)/p + (-8)/6 a composite number?
False
Let h(z) = 170*z**2 - z - 14. Is h(3) a composite number?
True
Let s(p) = -p - 8. Let y be s(-6). Let g be (y - 12/16)*-92. Suppose 2*z - 524 = -0*z + 3*l, -3*l = z - g. Is z a prime number?
False
Suppose -3*o + 933 = -6*o. Let v = 708 + o. Is v composite?
False
Suppose 0*f - 3*f + 20012 = n, 0 = n + 5*f - 20006. Is n composite?
False
Let c = -7 + -18. Let q be (-5)/2*20/c. Suppose 0 = q*h - 2*n - 176, -4*n = 2*h - 5*n - 177. Is h a composite number?
False
Let l(k) = k**3 - 4*k**2 + 2*k + 2. Let i be (-7)/(14/(-4)) + 3. Is l(i) prime?
True
Let n = 17 - 14. Suppose 4*v - 2863 = -n*v. Is v a prime number?
True
Suppose 4*t + 3345 + 8042 = 3*k, -4*k - 4*t + 15192 = 0. Is k a prime number?
True
Let o(p) = -101*p - 10. Let i be o(9). Let k = 1300 + i. Is k a prime number?
False
Suppose -64*p - 99799 = -71*p. Is p a composite number?
True
Let l(f) = -f**3 - 6*f**2 + 8*f + 10. Let h be (7 + -21)/(1*2). Let c be l(h). Suppose -c*w = -0*w - 165. Is w a composite number?
True
Let m be ((-66)/(-88))/((-1)/(-460)). Let i be 15/9 + 1/3. Suppose l = -i*l + m. Is l composite?
True
Let h(n) = n + 1. Let i be h(2). Let u be i*((-64)/(-6))/2. Suppose l - 3 = u. Is l a prime number?
True
Suppose 4*c + 12 = 20. Suppose 5*y - 4*x - 3424 = y, y - c*x - 859 = 0. Is y prime?
True
Let k(j) = -189*j - 4. Let b be k(-3). Suppose 5*d = 3*q - b, -4*d - 287 = -3*q + 278. Is q composite?
False
Let p = 7712 + -3601. Is p prime?
True
Let h be 12 + -1 + (-1 + 2 - 4). Let q(g) = 2*g + 15. Is q(h) prime?
True
Let u be (-11)/(-11) - -1*2. Is (-1)/3 + (1 - (-67)/u) prime?
True
Let h = -2619 - -4375. Suppose 2742 = 3*s + 4*t, -3*s + h + 986 = -5*t. Is s a composite number?
True
Let g(p) = p**3 - 13*p**2 + 10*p + 20. Let j be g(12). Let n(k) = -22*k**3 + 2*k**2 + 8*k + 9. Is n(j) composite?
True
Let u be 20/(-3) + (-6)/(-9). Let w be u/(-15) + 12694/(-10). Let c = 1822 + w. Is c composite?
True
Let k(j) = 62*j**2 + 19*j. Is k(11) a composite number?
True
Is (26692/(-6)*-1)/(56/84) composite?
False
Suppose -41 = -4*l - 5*s - 9, -5*s = -2*l - 14. Suppose -2*w - l*w + 2*z + 841 = 0, 507 = 3*w - 2*z. Is w prime?
True
Let u(y) = y**3 + 6*y**2 + 11*y - 21. Is u(9) prime?
False
Let a = 14 + 11. Suppose -k - 4*k + a = 0. Suppose 0 = -2*b + 4, 0 = -k*g + 3*b - 2*b + 633. Is g a prime number?
True
Let h be ((-842)/(-4))/(2/4). Suppose -4*q + h = -1807. Is q composite?
False
Let h(l) = l**2 + 5*l. Let p be h(-4). Let j(r) = 5*r**2 - 8*r - 11. Let b(d) = d + 1. Let i(q) = 6*b(q) + j(q). Is i(p) prime?
True
Suppose -57 = i - 5*p + p, 0 = 4*i - 4*p + 204. Let v = i + 342. Is v a prime number?
True
Let i(g) be the second derivative of -g**5/20 + 11*g**4/12 - 2*g**3/3 + 7*g**2 + 14*g. Is i(10) composite?
True
Let b(s) = 2*s - 22. Let r be b(13). Let f(i) = 91*i - 48*i + 7 - r. Is f(2) a prime number?
True
Let r(q) = -663*q - 217. Is r(-2) a prime number?
True
Suppose -2*j - 3*y = -9249 + 3398, 11678 = 4*j - 2*y. Is j a prime number?
False
Suppose 22 = 4*s + 10, 5*b + 170 = -5*s. Is (14/(-4) - -1)*(b - 1) a prime number?
False
Suppose -2*f - 4606 = -3*f - 5*w, -4*w - 9254 = -2*f. Is f a prime number?
True
Let r = 12 + -35. Let z = r + 21. Let j(t) = 31*t**2 - 2*t - 1. Is j(z) composite?
False
Let m = 1087 + -218. Is m composite?
True
Let j(b) = -2 - 4*b + 58*b**2 + 2 + 4. Let g be j(-4). Is (g/(-18))/((-2)/3) composite?
False
Suppose -11*b - 106*b + 374751 = 0. Is b prime?
True
Let f be (-4)/(2*(-1)/3). Let w = f + -7. Is 26*(21/2 - w) a composite number?
True
Let x = -1874 - -7993. Is x a composite number?
True
Let i(u) = 3683*u + 499. Is i(4) a composite number?
True
Let v be (-8 - -6) + (1 - -1) + 3. Suppose -v*a = 170 - 803. Is a composite?
False
Suppose -7449 = -3*m + 5*d - 2*d, -3*d - 9932 = -4*m. Is m a composite number?
True
Let g(c) = -641*c - 6. Is g(-1) composite?
True
Let c(k) = 4*k**2 - 15*k - 5. Let r be (-16)/(-2)*(-10)/4. Is c(r) prime?
False
Suppose 8 = 3*r + 4*k, 2*r - 4*k + 1 = -7. Suppose -4*u - v + 3*v + 3984 = r, 4*u = 5*v + 3978. Is u prime?
True
Let f = -3671 - -6574. Is f prime?
True
Let y = -17 + 49. Let x = -31 + y. Let d(s) = 73*s**3 + s**2 + 2*s - 2. Is d(x) prime?
False
Let p = 3828 - 665. Is p a prime number?
True
Let s be 118/(-14) + 4/(-7). Let f = s - -14. Suppose 3*y - 7*y + 5*o = -784, -2*o = -f*y + 963. Is y prime?
True
Suppose -166 = b - 8. Is 63/42*b/(-3) a prime number?
True
Suppose -2*m = -2 - 4. Let p(f) = 10 + f + 2*f + 6*f**2 - 17 - 4*f**m. Is p(-6) composite?
True
Suppose -f + 2*n - 7 = 0, 5*f - 15 = -2*n - 2. Is (-5 + 6)/(f/551) a composite number?
True
Let o(j) be the second derivative of -76*j**3/3 + 5*j**2/2 - 2*j. Is o(-4) prime?
True
Let r = 10605 - -5592. Is r a prime number?
False
Suppose 3*k = 3*u + 633, -k = -6*k + u + 1055. Is k composite?
False
Let s(g) = 7470*g + 11. Is s(3) a prime number?
False
Let t(u) = 6 + u**2 - 2 - 2 + 9*u. Let c be t(-7). Is -2 - -556 - c/4 a composite number?
False
Let r(u) = 472*u + 4. Let h be r(2). Let t = 279 - h. Let x = -376 - t